{"id":7640,"date":"2024-10-21T20:47:01","date_gmt":"2024-10-21T20:47:01","guid":{"rendered":"https:\/\/erkamyurt.com.tr\/gayrimenkularti\/?page_id=7640"},"modified":"2024-11-12T07:24:24","modified_gmt":"2024-11-12T07:24:24","slug":"hakkimizda","status":"publish","type":"page","link":"https:\/\/basarigayrimenkul.com.tr\/index.php\/hakkimizda\/","title":{"rendered":"Hakk\u0131m\u0131zda"},"content":{"rendered":"\t\t<div data-elementor-type=\"wp-page\" data-elementor-id=\"7640\" class=\"elementor elementor-7640\">\n\t\t\t\t<div class=\"elementor-element elementor-element-5f76846 e-flex e-con-boxed e-con e-parent\" data-id=\"5f76846\" data-element_type=\"container\">\n\t\t\t\t\t<div class=\"e-con-inner\">\n\t\t\t\t<div class=\"elementor-element elementor-element-1b64b65 elementor-widget elementor-widget-heading\" data-id=\"1b64b65\" data-element_type=\"widget\" data-widget_type=\"heading.default\">\n\t\t\t\t<div class=\"elementor-widget-container\">\n\t\t\t<h2 class=\"elementor-heading-title elementor-size-default\">Hakk\u0131m\u0131zda<\/h2>\t\t<\/div>\n\t\t\t\t<\/div>\n\t\t\t\t<div class=\"elementor-element elementor-element-e11e577 elementor-widget elementor-widget-text-editor\" data-id=\"e11e577\" data-element_type=\"widget\" data-widget_type=\"text-editor.default\">\n\t\t\t\t<div class=\"elementor-widget-container\">\n\t\t\t\t\t\t\t<div id=\"bgLayers_comp-kvklj4ap1\" class=\"MW5IWV\" data-hook=\"bgLayers\" data-motion-part=\"BG_LAYER\"><div id=\"bgMedia_comp-kvklj4ap1\" class=\"VgO9Yg\" data-motion-part=\"BG_MEDIA\"><p>Ba\u015far\u0131 Gayrimenkul olarak, gayrimenkul sekt\u00f6r\u00fcnde dan\u0131\u015fmanl\u0131k alan\u0131nda uzmanla\u015fm\u0131\u015f, g\u00fcvenilir ve yenilik\u00e7i bir hizmet anlay\u0131\u015f\u0131yla m\u00fc\u015fterilerimize de\u011fer kat\u0131yoruz. Kuruldu\u011fumuz g\u00fcnden bu yana, profesyonel ekibimiz ve geni\u015f portf\u00f6y\u00fcm\u00fczle bireysel ve kurumsal m\u00fc\u015fterilerimize ihtiya\u00e7lar\u0131na uygun \u00e7\u00f6z\u00fcmler sunuyoruz.<\/p><p>Misyonumuz, sekt\u00f6rdeki bilgi birikimimizi ve tecr\u00fcbemizi kullanarak, m\u00fc\u015fterilerimize en do\u011fru yat\u0131r\u0131mlar\u0131 yapmalar\u0131 i\u00e7in rehberlik etmektir. Vizyonumuz ise, gayrimenkul sekt\u00f6r\u00fcnde kalite ve m\u00fc\u015fteri memnuniyetiyle an\u0131lan lider bir marka olmakt\u0131r.<\/p><p>Ba\u015far\u0131 Gayrimenkul, sadece sat\u0131\u015f ve kiralama s\u00fcre\u00e7lerinde de\u011fil, ayn\u0131 zamanda de\u011ferleme, yat\u0131r\u0131m dan\u0131\u015fmanl\u0131\u011f\u0131 ve proje y\u00f6netimi gibi kapsaml\u0131 hizmetlerle de yan\u0131n\u0131zda. M\u00fc\u015fteri memnuniyetini ve g\u00fcvenini en \u00f6n planda tutarak, her ge\u00e7en g\u00fcn daha fazla ki\u015fiye ve kuruma ula\u015fmay\u0131 hedefliyoruz.<\/p><p>Gayrimenkul dan\u0131\u015fmanl\u0131k ihtiya\u00e7lar\u0131n\u0131z i\u00e7in bize g\u00fcvenin; Ba\u015far\u0131 Gayrimenkul, her ad\u0131mda yan\u0131n\u0131zda!<\/p><\/div><\/div>\t\t\t\t\t\t<\/div>\n\t\t\t\t<\/div>\n\t\t\t\t<div class=\"elementor-element elementor-element-769efae elementor-widget elementor-widget-heading\" data-id=\"769efae\" data-element_type=\"widget\" data-widget_type=\"heading.default\">\n\t\t\t\t<div class=\"elementor-widget-container\">\n\t\t\t<h2 class=\"elementor-heading-title elementor-size-default\"> Misyonumuz & Vizyonumuz<\/h2>\t\t<\/div>\n\t\t\t\t<\/div>\n\t\t\t\t<div class=\"elementor-element elementor-element-348d9b0 elementor-widget elementor-widget-text-editor\" data-id=\"348d9b0\" data-element_type=\"widget\" data-widget_type=\"text-editor.default\">\n\t\t\t\t<div class=\"elementor-widget-container\">\n\t\t\t\t\t\t\t<div id=\"bgLayers_comp-kvklj4ap1\" class=\"MW5IWV\" data-hook=\"bgLayers\" data-motion-part=\"BG_LAYER\"><div id=\"bgMedia_comp-kvklj4ap1\" class=\"VgO9Yg\" data-motion-part=\"BG_MEDIA\"><p><strong>Misyonumuz<\/strong><br \/>Ba\u015far\u0131 Gayrimenkul olarak misyonumuz, gayrimenkul sekt\u00f6r\u00fcnde yenilik\u00e7i ve g\u00fcvenilir \u00e7\u00f6z\u00fcmler sunarak m\u00fc\u015fterilerimizin ihtiya\u00e7lar\u0131na en uygun hizmeti sa\u011flamakt\u0131r. M\u00fc\u015fteri memnuniyetini her zaman \u00f6ncelik olarak benimseyerek, do\u011fru bilgi ve profesyonel rehberlik ile bireysel ve kurumsal m\u00fc\u015fterilerimizin gayrimenkul yat\u0131r\u0131mlar\u0131nda de\u011fer yaratmay\u0131 ama\u00e7l\u0131yoruz.<\/p><p><strong>Vizyonumuz<\/strong><br \/>Vizyonumuz, gayrimenkul sekt\u00f6r\u00fcnde uzmanl\u0131\u011f\u0131, g\u00fcvenilirli\u011fi ve kalite odakl\u0131 yakla\u015f\u0131m\u0131yla ulusal ve uluslararas\u0131 d\u00fczeyde \u00f6nc\u00fc bir marka olmakt\u0131r. Sekt\u00f6rdeki yenilikleri takip ederek ve teknolojiyi en iyi \u015fekilde kullanarak, m\u00fc\u015fterilerimize s\u00fcrekli geli\u015fen bir hizmet deneyimi sunmay\u0131 hedefliyoruz.<\/p><\/div><\/div>\t\t\t\t\t\t<\/div>\n\t\t\t\t<\/div>\n\t\t\t\t<div class=\"elementor-element elementor-element-f520bfa elementor-widget elementor-widget-heading\" data-id=\"f520bfa\" data-element_type=\"widget\" data-widget_type=\"heading.default\">\n\t\t\t\t<div class=\"elementor-widget-container\">\n\t\t\t<h2 class=\"elementor-heading-title elementor-size-default\">Kalite Politikam\u0131z<\/h2>\t\t<\/div>\n\t\t\t\t<\/div>\n\t\t\t\t<div class=\"elementor-element elementor-element-cffc27f elementor-widget elementor-widget-text-editor\" data-id=\"cffc27f\" data-element_type=\"widget\" data-widget_type=\"text-editor.default\">\n\t\t\t\t<div class=\"elementor-widget-container\">\n\t\t\t\t\t\t\t<div id=\"bgLayers_comp-kvklj4ap1\" class=\"MW5IWV\" data-hook=\"bgLayers\" data-motion-part=\"BG_LAYER\"><div id=\"bgMedia_comp-kvklj4ap1\" class=\"VgO9Yg\" data-motion-part=\"BG_MEDIA\"><p>Ba\u015far\u0131 Gayrimenkul olarak kalite politikam\u0131z, m\u00fc\u015fteri memnuniyetini en \u00fcst d\u00fczeyde tutmak ve gayrimenkul sekt\u00f6r\u00fcnde g\u00fcvenilir hizmet sunmak \u00fczerine kuruludur. Bu do\u011frultuda:<\/p><ul><li><strong>Profesyonellik:<\/strong> \u0130\u015f s\u00fcre\u00e7lerimizi uzman bir ekip ile y\u00fcr\u00fct\u00fcyor, do\u011fru ve g\u00fcncel bilgilerle m\u00fc\u015fterilerimize rehberlik ediyoruz.<\/li><li><strong>M\u00fc\u015fteri Odakl\u0131l\u0131k:<\/strong> M\u00fc\u015fterilerimizin ihtiya\u00e7lar\u0131n\u0131 ve beklentilerini anlayarak, onlara \u00f6zel \u00e7\u00f6z\u00fcmler sunuyoruz.<\/li><li><strong>S\u00fcrekli Geli\u015fim:<\/strong> Sekt\u00f6rdeki yenilikleri ve teknolojiyi yak\u0131ndan takip ederek hizmet kalitemizi s\u00fcrekli iyile\u015ftiriyoruz.<\/li><li><strong>\u015eeffafl\u0131k ve G\u00fcven:<\/strong> Etik de\u011ferlere ba\u011fl\u0131 kalarak, m\u00fc\u015fterilerimizle her zaman a\u00e7\u0131k ve g\u00fcvene dayal\u0131 bir ileti\u015fim kuruyoruz.<\/li><li><strong>Uzun Vadeli \u0130\u015f Birlikleri:<\/strong> M\u00fc\u015fterilerimizle s\u00fcrd\u00fcr\u00fclebilir ili\u015fkiler kurmay\u0131 ve onlara her zaman de\u011fer katmay\u0131 ama\u00e7l\u0131yoruz.<\/li><\/ul><p>Kalite standartlar\u0131m\u0131zdan \u00f6d\u00fcn vermeden, sekt\u00f6rdeki lider konumumuzu g\u00fc\u00e7lendirmek ve m\u00fc\u015fterilerimize beklentilerinin \u00f6tesinde bir deneyim sunmak temel hedefimizdir.<\/p><\/div><\/div>\t\t\t\t\t\t<\/div>\n\t\t\t\t<\/div>\n\t\t\t\t\t<\/div>\n\t\t\t\t<\/div>\n\t\t\t\t<\/div>\n\t\t","protected":false},"excerpt":{"rendered":"<p>Hakk\u0131m\u0131zda Ba\u015far\u0131 Gayrimenkul olarak, gayrimenkul sekt\u00f6r\u00fcnde dan\u0131\u015fmanl\u0131k alan\u0131nda uzmanla\u015fm\u0131\u015f, g\u00fcvenilir ve yenilik\u00e7i bir hizmet anlay\u0131\u015f\u0131yla m\u00fc\u015fterilerimize de\u011fer kat\u0131yoruz. Kuruldu\u011fumuz g\u00fcnden bu yana, profesyonel ekibimiz ve geni\u015f portf\u00f6y\u00fcm\u00fczle bireysel ve kurumsal m\u00fc\u015fterilerimize ihtiya\u00e7lar\u0131na uygun \u00e7\u00f6z\u00fcmler sunuyoruz. Misyonumuz, sekt\u00f6rdeki bilgi birikimimizi ve tecr\u00fcbemizi kullanarak, m\u00fc\u015fterilerimize en do\u011fru yat\u0131r\u0131mlar\u0131 yapmalar\u0131 i\u00e7in rehberlik etmektir. Vizyonumuz ise, gayrimenkul sekt\u00f6r\u00fcnde kalite&#8230;<\/p>\n","protected":false},"author":1,"featured_media":0,"parent":0,"menu_order":0,"comment_status":"closed","ping_status":"closed","template":"elementor_theme","meta":{"footnotes":""},"class_list":["post-7640","page","type-page","status-publish","hentry"],"jetpack_sharing_enabled":true,"_links":{"self":[{"href":"https:\/\/basarigayrimenkul.com.tr\/index.php\/wp-json\/wp\/v2\/pages\/7640","targetHints":{"allow":["GET"]}}],"collection":[{"href":"https:\/\/basarigayrimenkul.com.tr\/index.php\/wp-json\/wp\/v2\/pages"}],"about":[{"href":"https:\/\/basarigayrimenkul.com.tr\/index.php\/wp-json\/wp\/v2\/types\/page"}],"author":[{"embeddable":true,"href":"https:\/\/basarigayrimenkul.com.tr\/index.php\/wp-json\/wp\/v2\/users\/1"}],"replies":[{"embeddable":true,"href":"https:\/\/basarigayrimenkul.com.tr\/index.php\/wp-json\/wp\/v2\/comments?post=7640"}],"version-history":[{"count":0,"href":"https:\/\/basarigayrimenkul.com.tr\/index.php\/wp-json\/wp\/v2\/pages\/7640\/revisions"}],"wp:attachment":[{"href":"https:\/\/basarigayrimenkul.com.tr\/index.php\/wp-json\/wp\/v2\/media?parent=7640"}],"curies":[{"name":"wp","href":"https:\/\/api.w.org\/{rel}","templated":true}]}}